
10000101100111111000
In base 5, what is -20043401230 - -4?
-20043401221
In base 5, what is 303140231 - -1011?
303141242
In base 8, what is -110 - -220?
110
In base 5, what is -2 - -132333132?
132333130
In base 11, what is -13 - 3038881?
-3038894
In base 14, what is -11c445 - -62?
-11c3c3
In base 4, what is -13123 - 11210311?
-11230100
In base 9, what is -43 + 30768?
30725
In base 2, what is -11101000010000001 + 111?
-11101000001111010
In base 7, what is 1 + -1466513131?
-1466513130
In base 2, what is -101000001011101100110000000 + 10000?
-101000001011101100101110000
In base 13, what is 18b - 6c1b5?
-6c027
In base 16, what is 6 - -1fbc329?
1fbc32f
In base 3, what is 10002110211001101 + 1?
10002110211001102
In base 2, what is -11 + 1111010010000011010100110?
1111010010000011010100011
In base 6, what is -104543045 + 3?
-104543042
In base 8, what is 32 - -243606?
243640
In base 11, what is 3 + 22889773?
22889776
In base 13, what is -2 - 28b219?
-28b21b
In base 10, what is 249 + 15470?
15719
In base 8, what is -20474230 + 0?
-20474230
In base 10, what is -37935 - 29?
-37964
In base 7, what is 313560 + -6122?
304435
In base 12, what is 1bb2 - -1b7a?
3b70
In base 11, what is 14 + 632a545?
632a559
In base 9, what is 3381 - -2224?
5615
In base 15, what is 1e14e0b3 + -5?
1e14e0ad
In base 6, what is 10 + -552102354?
-552102344
In base 13, what is 3 - 104b609?
-104b606
In base 10, what is 812 + -5962?
-5150
In base 13, what is -32a12b - 3?
-32a131
In base 14, what is -97b3db + 33?
-97b3a8
In base 9, what is 56537578 + 4?
56537583
In base 15, what is 1ba6 - e25?
c81
In base 16, what is 1ebecb1 - 4?
1ebecad
In base 4, what is 323321133 + 112?
323321311
In base 4, what is -10 + -213211013202?
-213211013212
In base 8, what is 261 + -5300257?
-5277776
In base 13, what is 96 - -60?
126
In base 11, what is 2 + 975221?
975223
In base 6, what is -5301 + -314?
-10015
In base 2, what is -100 - -111011110100010100000100?
111011110100010100000000
In base 6, what is -13 - 2151304?
-2151321
In base 14, what is 44109ba + -4?
44109b6
In base 9, what is -11432 - -5544?
-4777
In base 3, what is 2100200210200 + 210?
2100200211110
In base 16, what is 79f9a1b + 1?
79f9a1c
In base 4, what is -303220 + 211111332?
210202112
In base 11, what is -8506a - -4a58?
-80112
In base 13, what is b364258 - 4?
b364254
In base 2, what is -101000001111000100 - -10110011?
-101000001100010001
In base 11, what is 36 + 692535?
692570
In base 11, what is -29419 + 22a?
-2919a
In base 12, what is -b310b + -84?
-b3193
In base 11, what is 164 + 145507?
145670
In base 10, what is -10 - 1045605?
-1045615
In base 10, what is -97662007 - -5?
-97662002
In base 6, what is 154131 + 313223?
511354
In base 11, what is -113 + -311a9?
-31311
In base 5, what is 30310 - -112431?
143241
In base 8, what is -72163505 + -4?
-72163511
In base 14, what is -3 + 5705a9?
5705a6
In base 11, what is -10 + -39832a?
-39833a
In base 9, what is 65 - 13417?
-13342
In base 12, what is 63 - 142983?
-142920
In base 7, what is -413122 + -20624?
-434046
In base 3, what is -1101102 + 2012100?
210221
In base 2, what is 1101110011001100100 + 100101111010?
1101110111111011110
In base 14, what is -1cc - -2c?
-1a0
In base 7, what is 6531120 + 10?
6531130
In base 2, what is -1000010001 + 100001011001011011011?
100001011000011001010
In base 15, what is 4 - -4b0a78?
4b0a7c
In base 14, what is 4 - 4c3383?
-4c337d
In base 10, what is -31 - -2495423?
2495392
In base 9, what is 3 + -4135271?
-4135267
In base 2, what is -11110001100000000 + 100101000000?
-11101100111000000
In base 8, what is -1 - -11405057?
11405056
In base 8, what is 201 - -33550?
33751
In base 9, what is -876776 + 15?
-876761
In base 4, what is -13330200 + -12?
-13330212
In base 7, what is -643525 + 1141?
-642354
In base 5, what is -10331103001 - -12?
-10331102434
In base 7, what is -3501266 - -1062?
-3500204
In base 11, what is -22618700 - 14?
-22618714
In base 16, what is 111574 + -6?
11156e
In base 6, what is -3404355 - -2021?
-3402334
In base 16, what is 1 + -a72e79?
-a72e78
In base 10, what is -694071 + -50?
-694121
In base 14, what is 257 - -2bb75?
2bdcc
In base 9, what is -680 + 6235?
5445
In base 11, what is -32827a9 - -1?
-32827a8
In base 15, what is -a1ba2 - -2?
-a1ba0
In base 16, what is -30 - -38f1e?
38eee
In base 8, what is 15540233 + 0?
15540233
In base 10, what is -1696302 - -12?
-1696290
In base 5, what is -2102142113 - -2004?
-2102140104
In base 15, what is -8ba87 + 2?
-8ba85
In base 6, what is 352 + 51013413?
51014205
In base 6, what is 11211031 - -4?
11211035
In base 4, what is 31223 - -12100023?
12131312
In base 3, what is 10002000210011 - 21?
10002000202220
In base 4, what is -30 + -233233302?
-233233332
In base 5, what is -4000 - -22013204?
22004204
In base 14, what is -1 - -600c3d9?
600c3d8
In base 4, what is 12021302012333 - 10?
12021302012323
In base 10, what is 2105 - 2809?
-704
In base 4, what is 23001002320 + 111?
23001003031
In base 3, what is -110101220 - 12221120?
-200100110
In base 11, what is -980 + 285?
-6a6
In base 11, what is 11 + -3221200?
-322119a
In base 13, what is 11b1c76 - -24?
11b1c9a
In base 6, what is 43000 + -103251?
-20251
In base 14, what is -3168 - -18?
-3150
In base 5, what is 320202 + -432032?
-111330
In base 13, what is 54329c21 + 3?
54329c24
In base 12, what is -47004 - -2227?
-44999
In base 14, what is 94a + 487?
dd3
In base 13, what is 4 + 5245a34?
5245a38
In base 3, what is -100010112100221 + -101?
-100010112101022
In base 11, what is 58075480 - 2?
58075479
In base 8, what is -442 - 12021?
-12463
In base 14, what is -1b3516 - 4?
-1b351a
In base 2, what is 1010001001 + 10000011001101111?
10000100011111000
In base 2, what is -100 + -101010010110000000100011010?
-101010010110000000100011110
In base 7, what is -12244 - 3312001?
-3324245
In base 2, what is 101001011011101011111011 - -11?
101001011011101011111110
In base 13, what is 5 - -7bc744c?
7bc7454
In base 7, what is -126455635 - -1?
-126455634
In base 11, what is 1134 + 3999?
5022
In base 14, what is -3 + 54a227d?
54a227a
In base 3, what is -110200 - 1122212222022?
-1122220102222
In base 2, what is 100 - 1010110001001100101110?
-1010110001001100101010
In base 11, what is -3 + -a255814?
-a255817
In base 4, what is 2112200210030 + 101?
2112200210131
In base 6, what is 2010335224 + 5?
2010335233
In base 11, what is -107991 - -565?
-107427
In base 15, what is -42 - aea03?
-aea45
In base 10, what is 194791 - 95?
194696
In base 10, what is 2541148 - -9?
2541157
In base 4, what is 100 + 10302302311?
10302303011
In base 7, what is -662 - -25004?
24012
In base 16, what is -368f18 - 5?
-368f1d
In base 14, what is 41b + -18a069?
-189a4c
In base 10, what is 337931 + 4?
337935
In base 3, what is 21 - 1010112222200210?
-1010112222200112
In base 8, what is 723 - -65004?
65727
In base 3, what is -1 + 100200022021102?
100200022021101
In base 9, what is 802616410 - 0?
802616410
In base 11, what is 4131 - -3182?
7303
In base 13, what is -5a57 - -13b6?
-4671
In base 4, what is 1230002103112 + 21?
1230002103133
In base 11, what is 1161a0992 + 2?
1161a0994
In base 16, what is 1914df + -13?
1914cc
In base 5, what is -113 - 13420100?
-13420213
In base 16, what is -18d + 6149b?
6130e
In base 14, what is -13c5b15 + 11?
-13c5b04
In base 12, what is 287b6b4 - -5?
287b6b9
In base 11, what is -577 - 1678?
-2144
In base 14, what is -4c - 12938?
-12986
In base 2, what is 101 - 111101110011010001100?
-111101110011010000111
In base 13, what is -6315695 + 1?
-6315694
In base 9, what is 143456 + 166?
143633
In base 15, what is -2246e + 231e?
-20150
In base 16, what is 5ac44 - -3?
5ac47
In base 16, what is 6 + -2cc00c5?
-2cc00bf
In base 10, what is -15471837 + 39?
-15471798
In base 2, what is 11 + -1001110110001010010011?
-1001110110001010010000
In base 14, what is 2b + -270a3c0?
-270a393
In base 11, what is 115401 + 580?
115981
In base 13, what is -c - -161b0bb?
161b0ac
In base 8, what is -24304721 - 24?
-24304745
In base 10, what is -9433959 + -3?
-9433962
In base 12, what is -6 + -178392?
-178398
In base 16, what is a - 1b4ef0?
-1b4ee6
In base 8, what is 10043314 - -3?
10043317
In base 7, what is -36610 + -45402?
-115312
In base 15, what is 638 - 4487?
-3d4e
In base 12, what is 1 - 47369881?
-47369880
